 divide 2000489120?
True
Is 70545476 a multiple of 11?
False
Is 45065270 a multiple of 2882?
False
Is 1326527895 a multiple of 35?
True
Is 2354775 a multiple of 5?
True
Is 333515916 a multiple of 5641?
False
Is 11 a factor of 25505633?
False
Is 4591 a factor of 51100817?
False
Is 99909115 a multiple of 131?
True
Is 166855869 a multiple of 81?
True
Is 6434848 a multiple of 4?
True
Is 14 a factor of 439873661?
False
Is 109 a factor of 1166494020?
True
Does 572 divide 21940204?
True
Is 91299525 a multiple of 34?
False
Does 282 divide 422321226?
True
Is 633 a factor of 79260355?
False
Does 1014 divide 83478417?
False
Is 776568874 a multiple of 4450?
False
Does 92 divide 52721152?
True
Is 26 a factor of 1990529502?
True
Is 1034032352 a multiple of 344?
True
Does 556 divide 330834456?
True
Is 4103506728 a multiple of 5336?
True
Is 998 a factor of 1978544?
False
Is 112 a factor of 157520015?
False
Is 8706179 a multiple of 20?
False
Is 19927874 a multiple of 213?
False
Is 4630 a factor of 15093800?
True
Is 133804478 a multiple of 146?
False
Does 4 divide 30574040?
True
Is 3108197700 a multiple of 655?
True
Is 132 a factor of 76634037?
False
Does 155 divide 12021920?
False
Is 856 a factor of 532627168?
True
Is 60629848 a multiple of 2922?
False
Is 42003825 a multiple of 31?
False
Is 17 a factor of 203960540?
False
Is 20 a factor of 76709128?
False
Does 555 divide 24333297?
False
Is 16074545 a multiple of 5?
True
Is 135477152 a multiple of 16?
True
Is 33887574 a multiple of 34?
False
Does 14 divide 232553197?
False
Does 17 divide 35041403?
True
Is 125 a factor of 65953375?
True
Is 5 a factor of 46046064?
False
Is 63 a factor of 132681820?
False
Does 15 divide 12434250?
True
Is 42277705 a multiple of 9?
False
Does 94 divide 206368970?
False
Is 406 a factor of 19418603?
False
Is 47 a factor of 9760584?
True
Does 177 divide 11931323?
False
Is 49353104 a multiple of 8?
True
Is 218292140 a multiple of 76?
True
Is 4925839038 a multiple of 263?
True
Is 22 a factor of 7903058064?
True
Is 299505367 a multiple of 119?
False
Is 393752147 a multiple of 261?
False
Does 294 divide 40248383?
False
Is 892987821 a multiple of 10?
False
Does 9 divide 46810272?
False
Does 45 divide 239667795?
True
Is 124 a factor of 26930591?
False
Is 25 a factor of 7985166?
False
Is 26073164 a multiple of 146?
False
Is 310 a factor of 49223526?
False
Is 54884057 a multiple of 691?
True
Is 25778925 a multiple of 2715?
True
Does 229 divide 40375274?
False
Does 7111 divide 5745261340?
True
Is 98 a factor of 380989085?
False
Is 1793084568 a multiple of 456?
True
Does 33 divide 1061762724?
True
Is 113494738 a multiple of 82?
False
Does 673 divide 150227060?
True
Does 86 divide 464621199?
False
Is 342948132 a multiple of 669?
True
Is 147 a factor of 1164947364?
True
Is 295 a factor of 448747420?
False
Is 2027643075 a multiple of 15?
True
Is 50 a factor of 682514741?
False
Does 127 divide 15829880?
False
Does 2967 divide 362034736?
False
Is 31 a factor of 1271754788?
True
Is 271 a factor of 63529175?
True
Does 526 divide 142045071?
False
Is 22082070 a multiple of 37?
False
Is 77 a factor of 40750094?
True
Is 1465 a factor of 528339131?
False
Is 15 a factor of 1175272?
False
Does 46 divide 2449185774?
True
Is 780 a factor of 24444419?
False
Is 505872442 a multiple of 1850?
False
Is 1637672050 a multiple of 3451?
True
Is 18046372 a multiple of 81?
False
Is 22433966 a multiple of 181?
False
Does 7 divide 3815868?
True
Is 3595782520 a multiple of 22?
True
Is 1266 a factor of 642122619?
False
Is 1931072000 a multiple of 176?
True
Is 24118279 a multiple of 29?
False
Is 1781473164 a multiple of 149?
False
Is 298450572 a multiple of 34?
True
Is 9 a factor of 11438978?
False
Does 6081 divide 379793780?
False
Is 81650981 a multiple of 1048?
False
Does 1973 divide 411948589?
True
Does 1404 divide 35775604?
False
Is 31894875 a multiple of 301?
False
Does 26 divide 17890099?
False
Does 980 divide 1273481746?
False
Is 426 a factor of 111228049?
False
Is 35 a factor of 28140414?
False
Does 6 divide 47691383?
False
Is 78678068 a multiple of 690?
False
Is 638790691 a multiple of 77?
True
Is 477929771 a multiple of 56?
False
Is 6 a factor of 27157198?
False
Does 54 divide 476452530?
True
Is 545764615 a multiple of 134?
False
Is 409 a factor of 318239426?
False
Does 8 divide 35763587?
False
Is 365110116 a multiple of 173?
False
Is 194121502 a multiple of 4914?
False
Does 14 divide 134286110?
True
Is 85 a factor of 41151692?
False
Does 2 divide 5929394?
True
Does 234 divide 419832972?
True
Is 12 a factor of 96250388?
False
Is 31 a factor of 33954269?
True
Is 20165022 a multiple of 774?
True
Is 325 a factor of 434529188?
False
Is 160035652 a multiple of 4759?
True
Does 147 divide 9903978?
True
Is 465 a factor of 353374890?
True
Is 165539212 even?
True
Is 250 a factor of 9224672?
False
Is 13 a factor of 62416067?
False
Is 48379173 a multiple of 227?
False
Is 101380321 a multiple of 7?
True
Is 580052499 a multiple of 35?
False
Does 25 divide 274932750?
True
Does 619 divide 1518901452?
False
Is 45861827 a multiple of 10?
False
Is 9709656 a multiple of 43?
False
Does 28 divide 199090889?
False
Does 952 divide 7765117?
False
Does 4422 divide 5279348426?
False
Does 2769 divide 132912?
True
Is 53 a factor of 80546962?
True
Does 49 divide 610960028?
True
Is 45 a factor of 54670150?
False
Does 4626 divide 170377954?
False
Is 3234 a factor of 596449854?
True
Does 54 divide 2825766?
True
Is 1904635574 a multiple of 61?
True
Is 68 a factor of 99185397?
False
Is 141991487 a multiple of 6109?
True
Is 31 a factor of 41890300?
True
Does 49 divide 2527399?
False
Is 19 a factor of 141065162?
False
Is 65736699 a multiple of 308?
False
Is 120713313 a multiple of 8?
False
Does 8 divide 37441832?
True
Is 2310 a factor of 2559480?
True
Is 117 a factor of 48844953?
False
Does 5967 divide 1592585440?
False
Is 10 a factor of 33702790?
True
Is 136546706 a multiple of 408?
False
Is 285 a factor of 15277447?
False
Does 2039 divide 551114918?
False
Does 789 divide 44154807?
True
Does 10 divide 347262409?
False
Is 100 a factor of 50048343?
False
Is 4 a factor of 423228?
True
Is 37146372 a multiple of 111?
True
Is 170 a factor of 876496337?
False
Is 20998385 a multiple of 28?
False
Is 7 a factor of 13857277?
True
Does 34 divide 49272426?
True
Does 437 divide 44428042?
True
Is 212037820 a multiple of 20?
True
Is 340 a factor of 767006340?
True
Does 3 divide 21134462?
False
Is 2428 a factor of 118129484?
True
Does 34 divide 15594205?
False
Is 269 a factor of 149909862?
False
Is 1158608884 a multiple of 6339?
False
Is 541634375 a multiple of 625?
True
Is 204 a factor of 186817102?
False
Is 91 a factor of 62595953?
False
Does 8 divide 74465264?
True
Is 31859666 a multiple of 979?
False
Is 1165273272 a multiple of 36?
True
Is 10 a factor of 28103821?
False
Does 175 divide 200705502?
False
Is 2370 a factor of 86329620?
True
Is 22197882 a multiple of 147?
True
Does 13 divide 193064170?
True
Is 1411 a factor of 4090566?
False
Does 8 divide 34050303?
False
Is 11 a factor of 236760700?
True
Is 9 a factor of 1333118085?
False
Is 45315702 a multiple of 18?
True
Is 23470699 a multiple of 550?
False
Does 1159 divide 337903969?
False
Does 333 divide 37872322?
False
Is 122 a factor of 709945360?
False
Is 44 a factor of 34507990?
False
Is 830 a factor of 34013295?
False
Is 28 a factor of 752511548?
False
Is 530554647 a multiple of 17?
False
Does 74 divide 1554873718?
True
Is 3 a factor of 138329186?
False
Does 272 divide 13789312?
True
Does 85 divide 92034770?
True
Does 13 divide 6407108?
False
Is 54 a factor of 457677594?
True
Is 19 a factor of 300655620?
True
Is 6913 a factor of 66046802?
True
Is 159516780 a multiple of 102?
True
Does 512 divide 124426240?
True
Is 18114588 a multiple of 10?
False
Does 29 divide 1044657?
False
Does 552 divide 3035533560?
True
Does 54 divide 9967536?
True
Is 44911286 a multiple of 15?
False
Is 35913072 a multiple of 134?
True
Does 513 divide 842315220?
True
Is 24 a factor of 76121831?
False
Is 2742871 a multiple of 326?
False
Does 562 divide 131626582?
True
Does 99 divide 8002764?
True
Is 502668090 a multiple of 6514?
False
Is 2332 a factor of 43466148?
True
Is 1411443016 a multiple of 7?
False
Is 72 a factor of 3291848392?
